?
9
Let r = 180 - 496. What is the tens digit of r*((-76)/16 - -1)?
8
Suppose 3*p - 4*b - 21 = 0, 24 = 2*p + 4*b + 10. Let a(z) = -10 + p - z + 20*z - 9. What is the units digit of a(5)?
3
Let t be 2/(-24)*-213 - 12/16. Suppose -z - t*z + 2376 = 0. What is the units digit of z?
2
Let n(a) = -3*a - 11. Let k be n(-5). Suppose -5*r - 57 = -0*l + 3*l, -28 = 2*r - k*l. Let f = 91 - r. What is the units digit of f?
3
Let z = 83739 - 23580. What is the thousands digit of z?
0
Let o(y) = y**3 - 18*y**2 + 3*y - 2. Let z be o(13). Let m = 1142 + z. What is the tens digit of m?
3
Let o = -8176 - -24304. What is the thousands digit of o?
6
Suppose -3*g - 3*b = g - 12, 0 = -5*b. Suppose 4*f - 4*m - 26 = 374, g*m + 510 = 5*f. What is the tens digit of f?
0
Let z(w) = 80 + 15*w**2 + 6*w**2 - w - 4*w + 5*w. What is the units digit of z(-6)?
6
Let c = -220 - -222. Suppose 5*t + 63 = c*z - z, 2*t = 2*z - 102. What is the tens digit of z?
4
Suppose d - 101 = -5*f, 2*d - 200 = -4*f - 28. Suppose -d = 15*j - 17*j. What is the units digit of j?
8
Let a be (-16)/4 + 2 - -9. Suppose a*p = 3300 - 1277. What is the tens digit of p?
8
Let p be (0 - -2)*(-6)/(-3). Suppose -1499 = 6*b - 11*b + 2*n, -p*b - 2*n + 1210 = 0. What is the tens digit of b?
0
Let d(w) = -w**2 - 21*w - 9. Suppose i - 20 = -3*i - 4*r, -2*r + 10 = -2*i. Suppose -4*j - 76 = g, i = -3*j + g + g - 68. What is the tens digit of d(j)?
1
Suppose -168 = 13*l - 7*l. What is the hundreds digit of (-19*l/10)/((-2)/(-5))?
1
Suppose -1048157 = -100*g + 644558 + 20385. What is the tens digit of g?
3
Let p(g) = 76*g**2 + 5 - 2*g**2 + 1 + 5*g**2 + 4*g. Let s(r) = -r. Let j(u) = p(u) - 2*s(u). What is the tens digit of j(-1)?
7
Suppose -938 - 1177 = -5*y. Suppose 0 = 2*q - 251 - y. What is the hundreds digit of q?
3
Let b be 36/(-6)*(-5)/(12 - 2). Suppose 0*i = -2*z + 5*i + 963, -b*z + 2*i = -1428. What is the tens digit of z?
7
Let o = -551 - -701. What is the tens digit of -6*5/(o/(-4220))?
4
Let v = 3904 - -5159. What is the units digit of v?
3
Let s be 36/144 - (-2606)/8. What is the units digit of s/(2 - 15/10)?
2
Let z = 25 + -28. Let s(l) = 24*l**2 + l - 8. Let v(a) = -23*a**2 - a + 7. Let y(o) = -3*s(o) - 4*v(o). What is the hundreds digit of y(z)?
1
Let r be (-3 - 3 - -2)*(-1506)/24. Let b = r + 50. What is the tens digit of b?
0
Let p(t) = -t**2 + 4*t + 24. Let h be p(0). Suppose 0*s - 5*j = s - h, -4 = -2*s + j. Suppose -5*w = -4*l - 59 - 47, -16 = s*l. What is the units digit of w?
8
Let y(c) = -73*c**3 - 2*c**2 - 17*c - 99. What is the hundreds digit of y(-8)?
2
Suppose -22477*i - 30618 = -22484*i. What is the tens digit of i?
7
Suppose 1 = 2*z - 15. Suppose -z*v + 3*v = 0. Suppose -b - 3*b + 288 = v. What is the units digit of b?
2
Let y = 3423 + -523. Suppose y = 194*g - 184*g. What is the units digit of g?
0
Let m be (-23)/4*(4/(-1) + 8). Let t = 235 + m. Let f = t + -128. What is the tens digit of f?
8
Suppose 146*m + 109560 = 152*m. What is the units digit of m?
0
Let n(t) = 3145*t**2 - 8*t + 18. Let k be n(2). Suppose -k - 1596 = -34*r. What is the units digit of r?
7
Suppose 30*v - 8270 - 1968 = 4192. What is the tens digit of v?
8
Let x be ((-2)/(48/(-7098)))/(1/4). Let q = 1858 - x. What is the units digit of q?
5
Suppose -3*j - 4*o + 29 = 0, -j - 2*o + 4 = -5. Let t(s) = s - 18. Let n(c) = -2. Let a(k) = -4*n(k) + t(k). What is the units digit of a(j)?
1
Suppose 13*n - 34511 + 10301 - 180930 = 0. What is the units digit of n?
0
Let b(d) = -d**3 - 6*d - 21. Suppose 4*p = -3*h + 8, -5*h = 2*p + 9 + 1. Suppose -2*j + 2*c = 14, -p*c + 6 + 4 = 0. What is the units digit of b(j)?
4
Let b(d) = -3*d**3 - d**2 - 16*d - 5. Let r be b(4). Let u = 135 + r. Let g = u - -225. What is the tens digit of g?
8
Suppose r - y = 4*r - 10, -2*r + y = 0. What is the hundreds digit of r/((-6)/(-471) - 0)*1?
1
Let o = -42065 - -90823. What is the tens digit of o?
5
Suppose 0*l - l = 0, 0 = 5*d + 2*l + 5. Let s be (5/(-3))/(3*d/27). Suppose 2*r + 377 = s*r. What is the units digit of r?
9
Suppose -9*h = -7*h + r - 5, 3*h + 5*r = 11. Let p be (h - 1)/(2/8). What is the tens digit of 3 - -98*4/p?
0
Suppose -8*t - 17*t + 49619 = 4*t. What is the thousands digit of t?
1
Suppose o + 5*s - 17 = 0, 3*o = -3*s - 0*s + 15. Suppose 10*a - 9*a = 6. Suppose 4*u - o*u - a = 0. What is the units digit of u?
3
Let g(c) = -3*c + 1. Let v be g(-1). Suppose 0 = -2*i - v*k + 536, 4*k + 10 + 6 = 0. What is the units digit of i?
6
Suppose 3*d + 1226 = c, 4*c + 4*d - 1205 = 3*c. Let x = 2704 - c. What is the units digit of x?
7
Let y(k) = -64*k**3 + 2*k**2 - k - 6. Let a(f) = -f**3 + f - 1. Let z(x) = -3*a(x) + y(x). What is the hundreds digit of z(-2)?
5
Let x be ((-1316)/(-6))/7*3. Let d = -57 + x. Let y = 97 + d. What is the hundreds digit of y?
1
Let a = -69 - -781. Suppose 4*i = 2*i + a. What is the hundreds digit of i?
3
Suppose 253073 = 5*i + 15*i + 98253. What is the hundreds digit of i?
7
Let x(l) = 27*l - 169. Let w be x(6). What is the hundreds digit of 6/w*(-1141)/3?
3
Let o be 4 - -2*14/4. Suppose 0 = 4*w - 3*h - o, 4*h - 37 = 3*w - 8*w. Suppose -w*l + 136 = -494. What is the hundreds digit of l?
1
Let b = -37437 - -94513. What is the ten thousands digit of b?
5
Suppose 0 = 3*m + 364 - 2650. Let w(i) = -i**3 + 17*i**2 - 10*i - 27. Let y be w(18). Let c = y + m. What is the tens digit of c?
3
Let f be (84/(-49))/((-2)/7). Let o(v) = -36*v + 21. Let w be o(f). Let u = -91 - w. What is the tens digit of u?
0
Let k = 0 - 6. Suppose -632 = 27*i - 1496. What is the hundreds digit of i/(-6)*9/k*13?
1
Let z(l) = -4*l**3 + l**2 + 2*l + 1. Let a be z(-1). Suppose 0 = -a*t + 53 - 41. Suppose t*b = 6*b - 168. What is the units digit of b?
6
Suppose 75*n + 8*n = 11*n + 1563912. What is the thousands digit of n?
1
Let t = -761 - -1681. Suppose t = 3*z - 5*l, l = -5*z - 0*l + 1496. What is the units digit of z?
0
Let o = -10 - -14. Suppose -o*d + 2*j = -266, 2*j + 1 = j. Suppose 255 = 5*x + 4*p - 78, -x = p - d. What is the tens digit of x?
6
Suppose 0 = 40*m - 311151 - 166907 - 343142. What is the ten thousands digit of m?
2
Let g(b) = 139*b - 9. Let i be g(6). Let s = i - 503. What is the tens digit of s?
2
What is the hundreds digit of (-11 + 1148/105 - (-4)/10)*105081?
0
Suppose -22*l - 22*l = -60*l + 338272. What is the thousands digit of l?
1
What is the tens digit of -5446*((-36)/28)/((-18)/(-12))?
6
Suppose 409*z - 418*z = -250965. What is the hundreds digit of z?
8
Let w be (5 + -1)*1/4 - -130. Let o = w - 131. Suppose 5*h = -10, 2*v - 470 = -o*v + 5*h. What is the hundreds digit of v?
2
Suppose 0 = -s - s - 42. Let j(p) = -21 + 16*p - 4*p**3 + 3*p**3 - 20*p**2 - 16 - 13 + 47. What is the units digit of j(s)?
2
Suppose 0 = 5*g + 4*o - 21224, -o + 4170 + 8570 = 3*g. What is the tens digit of (48/80)/(g/4245 - 1)?
4
Suppose 14*s - 47755 = 55603 + 186400. What is the tens digit of s?
9
Let k = -58985 - -116650. What is the units digit of k?
5
Let a be 60827/65 + 2/20*2. Let u = 1638 - a. What is the tens digit of u?
0
Let r be (-5 + (8 - 874))*-3. Suppose -r - 2823 = -6*v. What is the units digit of v?
6
Suppose 0 = -2*s + 28534 - 2830. What is the thousands digit of s?
2
Suppose -2*t - 82 = -4*p, -4*t - 1 + 5 = 0. Suppose p*d - 9*d = 12816. What is the tens digit of d?
6
Let x(k) = k**2 + 12*k - 25. Let j be x(-14). Suppose -2*c + j*b - 2 = -b, 5*c - 23 = -4*b. Let i(s) = 7*s**2 - 4*s - 7. What is the tens digit of i(c)?
4
Let g = -1123 - -1640. Suppose -233 = -10*x + g. What is the units digit of 25/(-5)*(-5)/(x/426)?
2
Suppose 7*j + 125 = 1133. What is the hundreds digit of (j/(-32))/((-1)/114)?
5
Suppose 4*w + 3*c - 50856 = 0, 2*w + 2*w - 3*c = 50880. Suppose 33*q = -3081 + w. What is the tens digit of q?
9
Let p(x) = -2*x**2 + 13*x**3 + 22 - 2*x**2 - 7*x**3 + 6*x - 11*x**3 + 5*x**2. What is the tens digit of p(-7)?
4
Let t be 7/35 + (9816/10)/2. Suppose 2367 = 4*j - 5*q, -2*j + t = -5*q - 680. What is the hundreds digit of j?
5
Let y = 44 - 42. Let d be 60/80 - y/(-8). What is the tens digit of (d*(-3)/2)/((-27)/3006)?
6
Suppose a - 5*y - 73444 = -12449, 0 = 4*y - 8. What is the ten thousands digit of a?
6
Suppose -9*b + 4*b = -15. Let y(m) = -m**2 + 0*m + 25*m**b - m - 35*m**3. What is the units digit of y(-1)?
0
Suppose -5